{"id":2435,"date":"2025-03-27T10:45:19","date_gmt":"2025-03-27T10:45:19","guid":{"rendered":"https:\/\/ff-arnsberg.de\/wordpress\/home\/"},"modified":"2025-08-21T18:39:56","modified_gmt":"2025-08-21T16:39:56","slug":"home","status":"publish","type":"page","link":"https:\/\/ff-arnsberg.de\/wordpress\/home\/","title":{"rendered":"Aktuelles"},"content":{"rendered":"\t\t<div data-elementor-type=\"wp-page\" data-elementor-id=\"2435\" class=\"elementor elementor-2435\">\n\t\t\t\t<div class=\"elementor-element elementor-element-4b41ff0 e-flex e-con-boxed e-con e-parent\" data-id=\"4b41ff0\" data-element_type=\"container\" data-e-type=\"container\" data-settings=\"{&quot;background_background&quot;:&quot;classic&quot;}\">\n\t\t\t\t\t<div class=\"e-con-inner\">\n\t\t<div class=\"elementor-element elementor-element-1de03b1 e-con-full e-flex e-con e-child\" data-id=\"1de03b1\" data-element_type=\"container\" data-e-type=\"container\">\n\t\t\t\t<div class=\"elementor-element elementor-element-f941175 elementor-widget elementor-widget-heading\" data-id=\"f941175\" data-element_type=\"widget\" data-e-type=\"widget\" data-widget_type=\"heading.default\">\n\t\t\t\t<div class=\"elementor-widget-container\">\n\t\t\t\t\t<h1 class=\"elementor-heading-title elementor-size-default\">Aktuelles<\/h1>\t\t\t\t<\/div>\n\t\t\t\t<\/div>\n\t\t\t\t<\/div>\n\t\t\t\t\t<\/div>\n\t\t\t\t<\/div>\n\t\t<div class=\"elementor-element elementor-element-0041813 e-flex e-con-boxed e-con e-parent\" data-id=\"0041813\" data-element_type=\"container\" data-e-type=\"container\">\n\t\t\t\t\t<div class=\"e-con-inner\">\n\t\t<div class=\"elementor-element elementor-element-b7c1700 e-con-full e-flex e-con e-child\" data-id=\"b7c1700\" data-element_type=\"container\" data-e-type=\"container\">\n\t\t\t\t<div class=\"elementor-element elementor-element-0de2aed elementor-grid-eael-col-1 elementor-grid-tablet-eael-col-2 elementor-grid-mobile-eael-col-1 elementor-widget elementor-widget-eael-post-grid\" data-id=\"0de2aed\" data-element_type=\"widget\" data-e-type=\"widget\" data-settings=\"{&quot;eael_post_grid_columns&quot;:&quot;eael-col-1&quot;,&quot;eael_post_grid_columns_tablet&quot;:&quot;eael-col-2&quot;,&quot;eael_post_grid_columns_mobile&quot;:&quot;eael-col-1&quot;}\" data-widget_type=\"eael-post-grid.default\">\n\t\t\t\t<div class=\"elementor-widget-container\">\n\t\t\t\t\t<div id=\"eael-post-grid-0de2aed\" class=\"eael-post-grid-container\">\n            <div class=\"eael-post-grid eael-post-appender eael-post-appender-0de2aed eael-post-grid-style-default\" data-layout-mode=\"masonry\"><article class=\"eael-grid-post eael-post-grid-column eael-pg-post-2843 category-aktuelles\" data-id=\"2843\">\n        <div class=\"eael-grid-post-holder\">\n            <div class=\"eael-grid-post-holder-inner\"><div class=\"eael-entry-wrapper\"><header class=\"eael-entry-header\"><h2 class=\"eael-entry-title\"><a\n                        class=\"eael-grid-post-link\"\n                        href=\"https:\/\/ff-arnsberg.de\/wordpress\/test\/\"\n                        title=\"B\u00f6hminger Dorffest\">B\u00f6hminger Dorffest<\/a><\/h2><\/header><div class=\"eael-entry-content\">\n                        <div class=\"eael-grid-post-excerpt\"><p>Wir haben das B\u00f6hminger Dorffest besucht und uns von unserem Patenverein, der Freiwilligen Feuerwehr B\u00f6hming bewirten lassen.<\/p><\/div>\n                    <\/div><\/div><div class=\"eael-entry-media\"><div class=\"eael-entry-overlay fade-in\"><i class=\"fas fa-long-arrow-alt-right\" aria-hidden=\"true\"><\/i><a href=\"https:\/\/ff-arnsberg.de\/wordpress\/test\/\"><\/a><\/div><div class=\"eael-entry-thumbnail \">\n                <img fetchpriority=\"high\" decoding=\"async\" width=\"768\" height=\"576\" src=\"https:\/\/ff-arnsberg.de\/wordpress\/wp-content\/uploads\/2025\/08\/WhatsApp-Bild-2025-08-02-um-19.40.24_a34844c3-768x576.jpg\" class=\"attachment-medium_large size-medium_large wp-image-3007\" alt=\"\" srcset=\"https:\/\/ff-arnsberg.de\/wordpress\/wp-content\/uploads\/2025\/08\/WhatsApp-Bild-2025-08-02-um-19.40.24_a34844c3-768x576.jpg 768w, https:\/\/ff-arnsberg.de\/wordpress\/wp-content\/uploads\/2025\/08\/WhatsApp-Bild-2025-08-02-um-19.40.24_a34844c3-300x225.jpg 300w, https:\/\/ff-arnsberg.de\/wordpress\/wp-content\/uploads\/2025\/08\/WhatsApp-Bild-2025-08-02-um-19.40.24_a34844c3-1024x769.jpg 1024w, https:\/\/ff-arnsberg.de\/wordpress\/wp-content\/uploads\/2025\/08\/WhatsApp-Bild-2025-08-02-um-19.40.24_a34844c3-1536x1153.jpg 1536w, https:\/\/ff-arnsberg.de\/wordpress\/wp-content\/uploads\/2025\/08\/WhatsApp-Bild-2025-08-02-um-19.40.24_a34844c3.jpg 2048w\" sizes=\"(max-width: 768px) 100vw, 768px\" \/>\n            <\/div>\n        <\/div><\/div>\n        <\/div>\n    <\/article><\/div>\n            <div class=\"clearfix\"><\/div>\n        <\/div>\t\t\t\t<\/div>\n\t\t\t\t<\/div>\n\t\t\t\t<\/div>\n\t\t<div class=\"elementor-element elementor-element-72a06f8 e-con-full e-flex e-con e-child\" data-id=\"72a06f8\" data-element_type=\"container\" data-e-type=\"container\">\n\t\t\t\t<div class=\"elementor-element elementor-element-4540d54 elementor-widget elementor-widget-shortcode\" data-id=\"4540d54\" data-element_type=\"widget\" data-e-type=\"widget\" data-widget_type=\"shortcode.default\">\n\t\t\t\t<div class=\"elementor-widget-container\">\n\t\t\t\t\t\t\t<div class=\"elementor-shortcode\"><div class=\"r34ics-ajax-container loading\" id=\"r69e8c0570633ad9\" data-view=\"month\" data-view-is-list-style=\"0\" data-view-is-list-long=\"0\" data-args=\"2b93d7078e320a939fdfa90c4d75e047e6e8ef4d\" data-js-args=\"{&quot;debug&quot;:null}\">&nbsp;<\/div><\/div>\n\t\t\t\t\t\t<\/div>\n\t\t\t\t<\/div>\n\t\t\t\t<\/div>\n\t\t\t\t\t<\/div>\n\t\t\t\t<\/div>\n\t\t\t\t<\/div>\n\t\t","protected":false},"excerpt":{"rendered":"<p>Aktuelles Endlich Wir haben eine neue Pumpe ! B\u00f6hminger Dorffest Wir haben das B\u00f6hminger Dorffest besucht und uns von unseren Patenverein, der Freiwilligen Feuerwehr B\u00f6hming bewirten lassen<\/p>\n","protected":false},"author":1,"featured_media":0,"parent":0,"menu_order":0,"comment_status":"closed","ping_status":"closed","template":"","meta":{"site-sidebar-layout":"no-sidebar","site-content-layout":"page-builder","ast-site-content-layout":"full-width-container","site-content-style":"unboxed","site-sidebar-style":"unboxed","ast-global-header-display":"","ast-banner-title-visibility":"","ast-main-header-display":"","ast-hfb-above-header-display":"","ast-hfb-below-header-display":"","ast-hfb-mobile-header-display":"","site-post-title":"disabled","ast-breadcrumbs-content":"disabled","ast-featured-img":"disabled","footer-sml-layout":"","theme-transparent-header-meta":"enabled","adv-header-id-meta":"","stick-header-meta":"","header-above-stick-meta":"","header-main-stick-meta":"","header-below-stick-meta":"","astra-migrate-meta-layouts":"set","ast-page-background-enabled":"default","ast-page-background-meta":{"desktop":{"background-color":"","background-image":"","background-repeat":"repeat","background-position":"center center","background-size":"auto","background-attachment":"scroll","background-type":"","background-media":"","overlay-type":"","overlay-color":"","overlay-opacity":"","overlay-gradient":""},"tablet":{"background-color":"","background-image":"","background-repeat":"repeat","background-position":"center center","background-size":"auto","background-attachment":"scroll","background-type":"","background-media":"","overlay-type":"","overlay-color":"","overlay-opacity":"","overlay-gradient":""},"mobile":{"background-color":"","background-image":"","background-repeat":"repeat","background-position":"center center","background-size":"auto","background-attachment":"scroll","background-type":"","background-media":"","overlay-type":"","overlay-color":"","overlay-opacity":"","overlay-gradient":""}},"ast-content-background-meta":{"desktop":{"background-color":"var(--ast-global-color-5)","background-image":"","background-repeat":"repeat","background-position":"center center","background-size":"auto","background-attachment":"scroll","background-type":"","background-media":"","overlay-type":"","overlay-color":"","overlay-opacity":"","overlay-gradient":""},"tablet":{"background-color":"var(--ast-global-color-5)","background-image":"","background-repeat":"repeat","background-position":"center center","background-size":"auto","background-attachment":"scroll","background-type":"","background-media":"","overlay-type":"","overlay-color":"","overlay-opacity":"","overlay-gradient":""},"mobile":{"background-color":"var(--ast-global-color-5)","background-image":"","background-repeat":"repeat","background-position":"center center","background-size":"auto","background-attachment":"scroll","background-type":"","background-media":"","overlay-type":"","overlay-color":"","overlay-opacity":"","overlay-gradient":""}},"footnotes":""},"class_list":["post-2435","page","type-page","status-publish","hentry"],"_links":{"self":[{"href":"https:\/\/ff-arnsberg.de\/wordpress\/wp-json\/wp\/v2\/pages\/2435","targetHints":{"allow":["GET"]}}],"collection":[{"href":"https:\/\/ff-arnsberg.de\/wordpress\/wp-json\/wp\/v2\/pages"}],"about":[{"href":"https:\/\/ff-arnsberg.de\/wordpress\/wp-json\/wp\/v2\/types\/page"}],"author":[{"embeddable":true,"href":"https:\/\/ff-arnsberg.de\/wordpress\/wp-json\/wp\/v2\/users\/1"}],"replies":[{"embeddable":true,"href":"https:\/\/ff-arnsberg.de\/wordpress\/wp-json\/wp\/v2\/comments?post=2435"}],"version-history":[{"count":140,"href":"https:\/\/ff-arnsberg.de\/wordpress\/wp-json\/wp\/v2\/pages\/2435\/revisions"}],"predecessor-version":[{"id":3020,"href":"https:\/\/ff-arnsberg.de\/wordpress\/wp-json\/wp\/v2\/pages\/2435\/revisions\/3020"}],"wp:attachment":[{"href":"https:\/\/ff-arnsberg.de\/wordpress\/wp-json\/wp\/v2\/media?parent=2435"}],"curies":[{"name":"wp","href":"https:\/\/api.w.org\/{rel}","templated":true}]}}